9 a composite number?
False
Is 305871247 composite?
True
Is 7408229 a prime number?
True
Is 269759069 a composite number?
True
Is 403265419 prime?
False
Is 158131 a prime number?
False
Is 126461987 a prime number?
True
Is 225509567 composite?
False
Is 7998937 a composite number?
False
Is 2052097 composite?
False
Is 18230161 a prime number?
True
Is 32764209 prime?
False
Is 41026957 prime?
True
Is 31112069 a prime number?
False
Is 13358981 prime?
True
Is 157091 composite?
True
Is 13600757 a composite number?
False
Is 9950861 a prime number?
True
Is 6948041 composite?
False
Is 190262273 prime?
True
Is 33956557 composite?
True
Is 8590577 a prime number?
False
Is 283499221 composite?
False
Is 14729203 composite?
False
Is 201423 composite?
True
Is 4006531 a composite number?
True
Is 6577013 composite?
False
Is 4503731 composite?
False
Is 38752669 prime?
True
Is 3186593 composite?
False
Is 804823 composite?
False
Is 324676249 composite?
False
Is 4299179 a composite number?
False
Is 1497845 prime?
False
Is 2074013 composite?
True
Is 102313447 a composite number?
True
Is 9578743 composite?
True
Is 23314601 composite?
False
Is 1651967 composite?
True
Is 142193 prime?
True
Is 528191 a composite number?
False
Is 960259 composite?
False
Is 6576182 prime?
False
Is 415427 prime?
True
Is 25004573 a composite number?
True
Is 10743331 a prime number?
True
Is 14958673 composite?
True
Is 37046773 a composite number?
False
Is 3160841 prime?
True
Is 99930074 composite?
True
Is 3175259 composite?
False
Is 2969731 prime?
False
Is 571742 prime?
False
Is 527531 prime?
False
Is 102049237 a composite number?
False
Is 1170521 a composite number?
True
Is 1259838843 composite?
True
Is 4726859 a composite number?
False
Is 83113169 composite?
True
Is 20700623 a prime number?
True
Is 32300909 a prime number?
True
Is 5077321 composite?
False
Is 50970839 composite?
False
Is 2178013 prime?
False
Is 229223741 composite?
False
Is 122540383 a composite number?
True
Is 1940795317 a composite number?
False
Is 154649741 a composite number?
False
Is 36436259 prime?
True
Is 191185 a composite number?
True
Is 403544663 prime?
False
Is 18669151 composite?
True
Is 13654 composite?
True
Is 35485079 a prime number?
False
Is 140326921 composite?
True
Is 183387 composite?
True
Is 19015177 prime?
True
Is 824339 prime?
True
Is 2013703 composite?
False
Is 521353013 a composite number?
False
Is 7845397 a prime number?
False
Is 20684177 a composite number?
True
Is 48887859 a composite number?
True
Is 19383409 prime?
False
Is 43602893 a composite number?
False
Is 890369 a prime number?
False
Is 16023037 composite?
False
Is 8836727 prime?
True
Is 7090903 composite?
True
Is 2468341 composite?
False
Is 13615631 a prime number?
False
Is 1557239 a composite number?
False
Is 485344579 a composite number?
False
Is 13093369 a prime number?
True
Is 222717997 a prime number?
False
Is 24221527 prime?
False
Is 174134306 a prime number?
False
Is 9466781 a prime number?
True
Is 108549187 a composite number?
False
Is 318251371 a composite number?
False
Is 40888709 a composite number?
False
Is 1056149 prime?
True
Is 2814599 a prime number?
True
Is 799439 a composite number?
True
Is 5576999 prime?
True
Is 15920031 a composite number?
True
Is 207763343 a composite number?
False
Is 8260919 prime?
True
Is 52106557 a prime number?
False
Is 99952283 a prime number?
True
Is 8066953 prime?
False
Is 74931821 a prime number?
False
Is 28658753 prime?
False
Is 2987297 a composite number?
False
Is 5479046 a prime number?
False
Is 51675719 prime?
True
Is 3323381 a composite number?
True
Is 3485437 a composite number?
True
Is 10481533 prime?
False
Is 101562047 composite?
True
Is 13055083 a composite number?
False
Is 1083383 composite?
True
Is 676883 a prime number?
True
Is 21905383 a composite number?
False
Is 207285157 prime?
True
Is 219769 prime?
False
Is 35145365 prime?
False
Is 854782759 composite?
True
Is 44052191 a composite number?
True
Is 1553857 a composite number?
True
Is 182748089 composite?
False
Is 632191 composite?
True
Is 910021 prime?
False
Is 34147759 a composite number?
False
Is 12587203 prime?
True
Is 7499981 a composite number?
False
Is 1077404901 a composite number?
True
Is 337261 a composite number?
False
Is 15038741 prime?
False
Is 1004428489 a composite number?
True
Is 8957621 a composite number?
False
Is 514038145 a prime number?
False
Is 383909 a prime number?
True
Is 140187731 composite?
False
Is 3349397 prime?
False
Is 5734559 prime?
False
Is 373273 a prime number?
True
Is 76414183 a composite number?
True
Is 1046338 a prime number?
False
Is 16516579 prime?
True
Is 3364421 a prime number?
True
Is 5389513 composite?
True
Is 91737697 prime?
True
Is 828422159 a composite number?
True
Is 4846705 a prime number?
False
Is 16475929 a composite number?
True
Is 30181117 prime?
True
Is 1061822 prime?
False
Is 2131699 prime?
True
Is 18312989 a composite number?
False
Is 829909 prime?
False
Is 15573431 a prime number?
True
Is 35517751 a composite number?
True
Is 1028474783 a prime number?
False
Is 268317173 composite?
True
Is 6163429 prime?
False
Is 1486943 a composite number?
False
Is 16747943 prime?
True
Is 54184769 composite?
True
Is 523001 prime?
False
Is 130275851 a composite number?
False
Is 2424599 a prime number?
True
Is 4725715 a prime number?
False
Is 772223 composite?
True
Is 2374633 prime?
True
Is 17985313 a composite number?
False
Is 650995837 composite?
False
Is 496081 prime?
False
Is 4637207 prime?
False
Is 17636071 a composite number?
False
Is 17645885 a composite number?
True
Is 2257223 prime?
False
Is 311677 a prime number?
True
Is 30803 prime?
True
Is 1177217 a composite number?
True
Is 183250987 composite?
False
Is 199289707 composite?
True
Is 813469 prime?
False
Is 854771 a composite number?
False
Is 5923201 prime?
False
Is 9542453 a prime number?
True
Is 41182157 a composite number?
False
Is 13060507 prime?
True
Is 66042217 composite?
False
Is 3627469 a composite number?
False
Is 83332649 composite?
True
Is 6315493 a prime number?
False
Is 10056989 composite?
True
Is 44131697 a prime number?
True
Is 1015049663 prime?
True
Is 10848041 a composite number?
False
Is 23824601 a composite number?
False
Is 356429083 a composite number?
False
Is 130507493 prime?
True
Is 14732155 a composite number?
True
Is 14824721 a prime number?
True
Is 6401737 a prime number?
False
Is 24426683 prime?
True
Is 4697699 a composite number?
True
Is 51989699 a composite number?
True
Is 899413 prime?
True
Is 8747591 a prime number?
False
Is 384619021 a composite number?
True
Is 153803701 prime?
True
Is 104290889 prime?
True
Is 16197347 a prime number?
True
Is 839519 prime?
True
Is 9584969 prime?
True
Is 3200887 a composite number?
True
Is 271783493 composite?
False
Is 2171009 a prime number?
False
Is 5967461 a composite number?
False
Is 204610327 composite?
True
Is 43348391 composite?
False
Is 114027497 a prime number?
True
Is 154667 composite?
False
Is 24163 a prime number?
False
Is 136997 prime?
False
Is 2315503 composite?
False
Is 544039 a composite number?
True
Is 228569021 composite?
False
Is 12151043 a prime number?
False
Is 2284393 a composite number?
True
Is 95089411 a composite number?
False
Is 35083319 composite?
False
Is 752944627 composite?
False
Is 1128143 a composite number?
False
Is 1167139 composite?
False
Is 16290041 composite?
False
Is 51167539 a composite number?
True
Is 62551 a composite number?
True
Is 664915451 a prime number?
False
Is 3922031 a composite number?
False
Is 378205633 a prime number?
False
Is 3568837 a composite number?
False
Is 1185149 prime?
False
Is 3619015 prime?
False
Is 2015842 a composite number?
True
Is 4514329 prime?
False
Is 4222765 a prime number?
False
Is 1996549619 a composite number?
False
Is 62617883 composite?
True
Is 11806283 a prime number?
False
Is 7035341 a composite number?
False
Is 1915621 composite?
True
Is 116178817 a prime number?
True
Is 1967873 a composite number?
True
Is 569417 prime?
True
Is 6131 prime?
True
Is 14235649 a prime number?
True
Is 159112858 a prime number?
False
Is 8644397 a prime number?
True
Is 49381487 a prime number?
True
Is 3066689 composite?
False
Is 1554521 a prime number?
True
Is 44661973 a composite number?
False
Is 13035223 a comp